ded by 397.
349
Calculate the remainder when 73259 is divided by 66.
65
What is the remainder when 20515 is divided by 2?
1
What is the remainder when 3694 is divided by 40?
14
What is the remainder when 4516 is divided by 642?
22
Calculate the remainder when 2383 is divided by 10.
3
Calculate the remainder when 3007575 is divided by 303.
300
What is the remainder when 20935 is divided by 654?
7
What is the remainder when 135010 is divided by 363?
337
Calculate the remainder when 142493 is divided by 35621.
9
Calculate the remainder when 8192 is divided by 2046.
8
Calculate the remainder when 2856 is divided by 184.
96
What is the remainder when 5663 is divided by 365?
188
What is the remainder when 47971 is divided by 15841?
448
Calculate the remainder when 17441 is divided by 2180.
1
Calculate the remainder when 3118 is divided by 526.
488
Calculate the remainder when 11071 is divided by 262.
67
Calculate the remainder when 5564 is divided by 46.
44
Calculate the remainder when 4926 is divided by 351.
12
Calculate the remainder when 64244 is divided by 988.
24
Calculate the remainder when 48618 is divided by 151.
147
What is the remainder when 6660 is divided by 6642?
18
What is the remainder when 1752 is divided by 1712?
40
Calculate the remainder when 12330 is divided by 2465.
5
Calculate the remainder when 118578 is divided by 245.
243
What is the remainder when 2692 is divided by 269?
2
What is the remainder when 15312 is divided by 208?
128
What is the remainder when 1097 is divided by 54?
17
Calculate the remainder when 300197 is divided by 316.
313
What is the remainder when 14287 is divided by 170?
7
Calculate the remainder when 18012 is divided by 818.
16
Calculate the remainder when 2375 is divided by 105.
65
Calculate the remainder when 43286 is divided by 41.
31
Calculate the remainder when 47517 is divided by 1820.
197
Calculate the remainder when 137758 is divided by 56.
54
What is the remainder when 352296 is divided by 127?
125
What is the remainder when 550 is divided by 61?
1
Calculate the remainder when 155340 is divided by 1375.
1340
What is the remainder when 5372 is divided by 84?
80
Calculate the remainder when 739186 is divided by 36.
34
What is the remainder when 21184 is divided by 157?
146
Calculate the remainder when 177654 is divided by 537.
444
What is the remainder when 50333 is divided by 16720?
173
What is the remainder when 149393 is divided by 34?
31
What is the remainder when 203491 is divided by 20343?
61
What is the remainder when 83313 is divided by 22?
21
What is the remainder when 380692 is divided by 3399?
4
Calculate the remainder when 14236 is divided by 9.
7
What is the remainder when 1694 is divided by 624?
446
What is the remainder when 17693 is divided by 8801?
91
Calculate the remainder when 5327 is divided by 154.
91
Calculate the remainder when 90999 is divided by 6066.
9
What is the remainder when 10627053 is divided by 264?
261
What is the remainder when 1652639 is divided by 330?
329
What is the remainder when 4845 is divided by 288?
237
Calculate the remainder when 12322 is divided by 62.
46
What is the remainder when 4748 is divided by 12?
8
Calculate the remainder when 10288 is divided by 73.
68
What is the remainder when 5569 is divided by 2687?
195
What is the remainder when 101491 is divided by 3758?
25
What is the remainder when 345823 is divided by 622?
613
What is the remainder when 132915 is divided by 2827?
46
What is the remainder when 18093 is divided by 478?
407
What is the remainder when 374532 is divided by 88?
4
What is the remainder when 221562 is divided by 41?
39
What is the remainder when 4781 is divided by 247?
88
What is the remainder when 444290 is divided by 34176?
2
Calculate the remainder when 290303 is divided by 336.
335
Calculate the remainder when 668769 is divided by 26.
23
Calculate the remainder when 73903 is divided by 7389.
13
What is the remainder when 182229 is divided by 536?
525
Calculate the remainder when 3564 is divided by 244.
148
What is the remainder when 17350 is divided by 185?
145
What is the remainder when 33019 is divided by 11?
8
What is the remainder when 12119 is divided by 4033?
20
Calculate the remainder when 28935 is divided by 12.
3
Calculate the remainder when 33259 is divided by 18.
13
What is the remainder when 89124 is divided by 22280?
4
Calculate the remainder when 27629 is divided by 4890.
3179
Calculate the remainder when 1038305 is divided by 173050.
5
Calculate the remainder when 138615 is divided by 7295.
10
What is the remainder when 2124 is divided by 82?
74
Calculate the remainder when 1833 is divided by 1386.
447
Calculate the remainder when 5506 is divided by 41.
12
Calculate the remainder when 4695 is divided by 389.
27
What is the remainder when 28018 is divided by 15?
13
What is the remainder when 4427 is divided by 553?
3
Calculate the remainder when 7591 is divided by 7574.
17
What is the remainder when 3484087 is divided by 31?
28
What is the remainder when 141926 is divided by 71?
68
What is the remainder when 828 is divided by 760?
68
Calculate the remainder when 5148 is divided by 435.
363
Calculate the remainder when 56329 is divided by 95.
89
What is the remainder when 20436 is divided by 3406?
0
Calculate the remainder when 5794 is divided by 25.
19
What is the remainder when 75 is divided by 70?
5
Calculate the remainder when 35286 is divided by 1070.
1046
Calculate the remainder when 428805 is divided by 6497.
3
Calculate the remainder when 21759 is divided by 68.
67
Calculate the remainder when 82762 is divided by 14.
8
What is the remainder when 18203 is divided by 3540?
503
Calculate the remainder when 3452 is divided by 34.
18
What is the remainder when 27864 is divided by 216?
0
Calculate the remainder when 4591 is divided by 388.
323
What is the remainder when 116014 is divided by 24?
22
What is the remainder when 1915590 is divided by 638528?
6
Calculate the remainder when 1206 is divided by 180.
126
Calculate the remainder when 5724 is divided by 273.
264
Calculate the remainder when 1741 is divided by 221.
194
What is the remainder when 17686 is divided by 11?
9
What is the remainder when 691 is divided by 78?
67
What is the remainder when 7264 is divided by 7262?
2
Calculate the remainder when 12074 is divided by 2036.
1894
What is the remainder when 674 is divided by 473?
201
Calculate the remainder when 437 is divided by 379.
58
What is the remainder when 44330 is divided by 154?
132
What is the remainder when 1075 is divided by 94?
41
Calculate the remainder when 309 is divided by 287.
22
What is the remainder when 2512 is divided by 433?
347
What is the remainder when 107740 is divided by 798?
10
What is the remainder when 422453 is divided by 1929?
2
What is the remainder when 27171 is divided by 29?
27
Calculate the remainder when 2324 is divided by 914.
496
Calculate the remainder when 58039 is divided by 29003.
33
What is the remainder when 15916 is divided by 75?
16
Calculate the remainder when 37165 is divided by 511.
373
Calculate the remainder when 233654 is divided by 23.
20
Calculate the remainder when 3818 is divided by 648.
578
Calculate the remainder when 5960 is divided by 1483.
28
Calculate the remainder when 4023 is divided by 51.
45
What is the remainder when 1070997 is divided by 250?
247
Calculate the remainder when 3506 is divided by 1566.
374
Calculate the remainder when 20125 is divided by 701.
497
Calculate the remainder when 741162 is divided by 17.
13
What is the remainder when 83669 is divided by 16?
5
Calculate the remainder when 7300 is divided by 1406.
270
What is the remainder when 1554 is divided by 518?
0
Calculate the remainder when 185049 is divided by 18503.
19
What is the remainder when 138260 is divided by 6?
2
Calculate the remainder when 1103747 is divided by 38.
37
What is the remainder when 24103 is divided by 30?
13
Calculate the remainder when 283529 is divided by 6.
5
What is the remainder when 11885 is divided by 7?
6
Calculate the remainder when 62459 is divided by 46.
37
Calculate the remainder when 3942 is divided by 114.
66
What is the remainder when 36755 is divided by 1225?
5
What is the remainder when 1098 is divided by 16?
10
Calcu